416 and 2320.
16
What is the greatest common factor of 141 and 761071?
47
What is the highest common divisor of 1353 and 5781?
123
What is the highest common divisor of 13 and 40729?
13
What is the greatest common factor of 299696 and 32?
16
What is the greatest common divisor of 3510 and 56511?
351
Calculate the greatest common divisor of 630 and 11445.
105
Calculate the highest common factor of 152 and 24966.
38
What is the highest common divisor of 286 and 46566?
26
Calculate the highest common factor of 12 and 34492.
4
Calculate the highest common factor of 2071218 and 654.
654
Calculate the highest common divisor of 333 and 10508.
37
What is the greatest common divisor of 9842 and 298775?
703
Calculate the greatest common divisor of 2995361 and 947.
947
Calculate the greatest common factor of 110 and 27082.
22
What is the highest common factor of 2025574 and 866?
866
What is the highest common factor of 79 and 543?
1
What is the greatest common divisor of 2 and 227452?
2
What is the greatest common factor of 1765 and 10?
5
Calculate the highest common factor of 6902 and 342664.
406
Calculate the highest common divisor of 17920 and 350.
70
What is the greatest common divisor of 25 and 9445?
5
Calculate the greatest common divisor of 238 and 742.
14
What is the greatest common factor of 1675668 and 898?
898
What is the highest common factor of 505020 and 5700?
1140
What is the highest common factor of 209 and 11000?
11
Calculate the greatest common factor of 1791 and 30248.
199
What is the greatest common divisor of 31483 and 95?
19
Calculate the greatest common divisor of 234297 and 63.
63
What is the highest common divisor of 811323 and 180?
9
Calculate the highest common factor of 682 and 37994.
22
What is the highest common divisor of 15500160 and 26?
26
Calculate the greatest common factor of 61 and 129808.
61
What is the greatest common divisor of 121623 and 2130?
213
What is the highest common divisor of 173159 and 812?
203
Calculate the highest common factor of 336 and 5313.
21
What is the greatest common divisor of 16 and 35476?
4
What is the highest common divisor of 2668 and 12470?
58
Calculate the highest common factor of 1428 and 280308.
84
Calculate the highest common divisor of 160 and 134080.
160
Calculate the highest common factor of 707 and 18988.
101
Calculate the greatest common factor of 5362 and 13062.
14
What is the greatest common divisor of 3579120 and 45?
45
Calculate the highest common divisor of 308 and 471394.
154
What is the greatest common factor of 12 and 563220?
12
What is the highest common factor of 212132 and 181?
181
What is the greatest common divisor of 47675 and 2?
1
What is the highest common divisor of 4584 and 17190?
1146
What is the greatest common divisor of 899494 and 1738?
158
Calculate the greatest common factor of 1057 and 7700.
7
What is the greatest common divisor of 7 and 50729?
7
What is the highest common divisor of 506 and 81719?
253
What is the greatest common factor of 796996 and 184?
92
What is the highest common factor of 75207 and 25929?
129
What is the greatest common divisor of 338338 and 70?
14
Calculate the highest common divisor of 1320348 and 228.
228
Calculate the greatest common divisor of 117217 and 502.
251
Calculate the greatest common divisor of 1180 and 154993.
59
Calculate the greatest common divisor of 1260 and 5443956.
252
What is the highest common factor of 11216 and 97439?
701
What is the highest common divisor of 304 and 343197?
19
Calculate the greatest common factor of 572 and 3.
1
What is the highest common factor of 303093 and 816?
51
What is the greatest common factor of 6 and 4732908?
6
Calculate the greatest common factor of 17784 and 13.
13
What is the greatest common divisor of 44694 and 702?
234
Calculate the greatest common factor of 9 and 3402.
9
What is the greatest common factor of 5844 and 12?
12
What is the greatest common factor of 3586 and 7128?
22
What is the greatest common divisor of 43343 and 31655?
487
Calculate the highest common factor of 2559328 and 8.
8
What is the greatest common factor of 459663 and 51?
51
Calculate the highest common factor of 22 and 196702.
22
Calculate the greatest common factor of 216 and 7260.
12
What is the highest common factor of 88683 and 927?
309
What is the greatest common divisor of 28 and 22232?
28
What is the highest common factor of 1116 and 6552?
36
What is the greatest common factor of 530164 and 32?
4
Calculate the highest common factor of 180147 and 1166.
583
Calculate the greatest common factor of 9653 and 169617.
1379
Calculate the greatest common factor of 528 and 78576.
48
Calculate the highest common divisor of 22 and 5546.
2
What is the greatest common factor of 7692092 and 31?
31
What is the greatest common factor of 70 and 71596?
14
What is the highest common divisor of 10586 and 181436?
134
What is the greatest common divisor of 39 and 72189?
39
What is the greatest common factor of 44403 and 861?
123
Calculate the highest common factor of 7843 and 671.
11
What is the greatest common divisor of 54 and 5718?
6
What is the greatest common divisor of 31 and 82119?
31
Calculate the highest common divisor of 45063 and 27.
27
Calculate the greatest common factor of 1062 and 62190.
18
Calculate the greatest common divisor of 645570 and 540.
270
Calculate the highest common factor of 1456 and 70.
14
Calculate the highest common factor of 950 and 110.
10
What is the highest common divisor of 3036 and 2541?
33
What is the greatest common divisor of 390 and 1432626?
78
Calculate the greatest common divisor of 980 and 262885.
245
Calculate the highest common divisor of 2076 and 1488.
12
What is the greatest common factor of 352490 and 101?
101
What is the highest common factor of 5635 and 784?
49
What is the greatest common factor of 34423 and 87?
29
What is the highest common factor of 486 and 25920?
162
Calculate the greatest common factor of 4565 and 7469.
11
Calculate the greatest common divisor of 62 and 118513.
31
What is the greatest common divisor of 53966 and 968?
242
What is the greatest common divisor of 248056 and 303?
101
Calculate the greatest common factor of 14336 and 529088.
448
What is the highest common divisor of 88 and 8657?
11
Calculate the highest common factor of 126675 and 20.
5
What is the highest common factor of 2756 and 19239?
53
Calculate the greatest common divisor of 82332 and 5.
1
Calculate the greatest common factor of 1575 and 57393.
63
What is the greatest common divisor of 2484 and 4232?
92
Calculate the greatest common divisor of 304 and 48.
16
What is the greatest common factor of 9487 and 7339?
179
What is the highest common factor of 472 and 168032?
472
Calculate the greatest common divisor of 210504 and 147.
147
Calculate the highest common factor of 11308 and 1540.
44
Calculate the greatest common factor of 41031 and 12079.
47
Calculate the greatest common divisor of 600 and 5496.
24
What is the greatest common divisor of 78 and 363714?
78
What is the highest common factor of 479388 and 18564?
1092
Calculate the greatest common divisor of 455 and 502255.
65
Calculate the greatest common factor of 4594428 and 54.
54
Calculate the greatest common factor of 48 and 2464688.
16
Calculate the highest common divisor of 47792 and 1856.
464
What is the greatest common divisor of 97930 and 70?
70
Calculate the highest common factor of 961576 and 392.
392
Calculate the greatest common factor of 1205944 and 8.
8
What is the highest common factor of 43432 and 1246?
178
Calculate the highest common divisor of 96 and 34296.
24
Calculate the highest common factor of 40128 and 2622.
114
Calculate the highest common factor of 47347 and 1017.
113
Calculate the highest common factor of 4512 and 96.
96
Calculate the highest common divisor of 144 and 456264.
72
Calculate the highest common divisor of 376 and 762434.
94
What is the greatest common divisor of 1537 and 22631?
53
What is the greatest common divisor of 9 and 623097?
9
Calculate the highest common divisor of 244 and 342576.
244
Calculate the greatest common factor of 13328 and 20216.
56
What is the highest common factor of 3105483 and 138?
69
Calculate the highest common factor of 2822981 and 749.
749
What is the g